umber?
True
Is 49907644001 a prime number?
False
Is 9126831566 a composite number?
True
Is 899635643 prime?
False
Is 44748408139 a prime number?
False
Is 2062932889 a composite number?
True
Is 94061562823 a prime number?
True
Is 1525632593 prime?
False
Is 91068863243 composite?
False
Is 3299392253 prime?
True
Is 12320834497 a prime number?
True
Is 11089223279 a composite number?
False
Is 12402849071 prime?
True
Is 438451691 prime?
False
Is 927610429 a composite number?
False
Is 58280091949 a composite number?
False
Is 301736651 composite?
False
Is 384168899 prime?
True
Is 1011456209 prime?
True
Is 555467 a composite number?
True
Is 92129175553 prime?
True
Is 348483937 a prime number?
True
Is 51590950067 a composite number?
True
Is 1234587281 a prime number?
False
Is 117044074261 composite?
False
Is 103471419817 prime?
True
Is 56542978838 a prime number?
False
Is 1998750143 composite?
True
Is 848585553 a prime number?
False
Is 1097196277 composite?
False
Is 24577493089 a composite number?
False
Is 7230022249 prime?
False
Is 14053604203 a prime number?
False
Is 3440525386 composite?
True
Is 12729491 a prime number?
True
Is 505868494 a prime number?
False
Is 5914175683 prime?
False
Is 992223383 a composite number?
True
Is 40829393023 prime?
False
Is 45447942781 prime?
True
Is 9071619457 prime?
True
Is 23023984551 prime?
False
Is 289655174 a prime number?
False
Is 16085197451 composite?
True
Is 226434721 prime?
True
Is 654973901 a prime number?
True
Is 17701574623 prime?
False
Is 450421247 prime?
True
Is 77061200135 prime?
False
Is 31369363 prime?
True
Is 132793761493 prime?
True
Is 24785489 composite?
False
Is 12976048994 prime?
False
Is 59330281 prime?
False
Is 3628729667 prime?
True
Is 2259032507 prime?
True
Is 7262294071 prime?
True
Is 4060933699 a prime number?
True
Is 41439607835 a composite number?
True
Is 18020426897 prime?
False
Is 14607218509 prime?
False
Is 552042079 a prime number?
False
Is 42727747721 prime?
False
Is 8788331891 prime?
False
Is 746667723 a prime number?
False
Is 17579231389 composite?
False
Is 23941452497 a prime number?
False
Is 11020714547 a composite number?
False
Is 6720430555 composite?
True
Is 525645781 a prime number?
True
Is 11711171719 composite?
True
Is 209242691419 a composite number?
False
Is 51801381187 a prime number?
True
Is 39310275961 composite?
True
Is 34655055469 a prime number?
False
Is 206517939787 a prime number?
False
Is 2540261153 composite?
False
Is 5322761293 a composite number?
True
Is 424500539 prime?
True
Is 675446477 composite?
False
Is 3850219337 a composite number?
True
Is 3776442469 prime?
True
Is 3879497231 prime?
True
Is 1473609071 a composite number?
True
Is 1377344093 composite?
False
Is 5161524917 prime?
False
Is 3354322471 prime?
False
Is 37443909109 a composite number?
False
Is 62363617 a composite number?
False
Is 15979312241 a composite number?
False
Is 6990308893 prime?
True
Is 49121484101 prime?
True
Is 2866564145 a composite number?
True
Is 154739733 prime?
False
Is 295466447 a prime number?
False
Is 43669738481 a prime number?
False
Is 707243447 prime?
True
Is 265840493 a prime number?
False
Is 21813137513 prime?
False
Is 3272696447 a composite number?
True
Is 375933539 a prime number?
True
Is 4709952619 composite?
False
Is 2359915721 a prime number?
True
Is 55162293 a composite number?
True
Is 56933532479 prime?
True
Is 4747573099 prime?
False
Is 84041323397 a composite number?
False
Is 3197922866 composite?
True
Is 3688308571 a prime number?
True
Is 759517951 prime?
False
Is 3235102243 prime?
False
Is 29444015701 prime?
False
Is 76093879727 prime?
False
Is 1262592629 prime?
True
Is 2340323057 prime?
True
Is 6744591863 composite?
False
Is 26947613009 a prime number?
False
Is 1612795295 prime?
False
Is 444399979 composite?
False
Is 99190331 prime?
False
Is 75315733 composite?
False
Is 68421208153 a composite number?
False
Is 11334209317 a prime number?
True
Is 6148738021 composite?
True
Is 4873377111 a composite number?
True
Is 7140057731 a prime number?
False
Is 73815128726 a prime number?
False
Is 3086152037 a prime number?
True
Is 308619599 prime?
True
Is 1248869731 prime?
True
Is 45325727 a prime number?
True
Is 5073428807 a composite number?
False
Is 123166182917 composite?
True
Is 875409242 a prime number?
False
Is 2368151581 prime?
False
Is 3551414201 composite?
False
Is 2916557899 composite?
True
Is 32927659967 composite?
False
Is 1302360601 a composite number?
True
Is 110454240769 a prime number?
True
Is 1595246537 a prime number?
True
Is 469996159 composite?
True
Is 602533473 prime?
False
Is 697919506 prime?
False
Is 6111202661 composite?
False
Is 742280867 prime?
True
Is 1128763007 composite?
False
Is 37521739 prime?
False
Is 10688310769 composite?
True
Is 2395963351 a prime number?
True
Is 4850662517 a prime number?
True
Is 48183696031 a composite number?
False
Is 18677112133 prime?
False
Is 148105313 composite?
False
Is 759639143 a prime number?
True
Is 3864979117 prime?
True
Is 24046670447 a prime number?
False
Is 361701439 a prime number?
False
Is 1579403981 a prime number?
False
Is 13592425357 a prime number?
False
Is 1058092067 prime?
False
Is 545067331 a composite number?
False
Is 20005016047 a composite number?
True
Is 1340993593 composite?
True
Is 7524258587 a prime number?
True
Is 38345368357 a composite number?
False
Is 864043151 a prime number?
False
Is 23880106571 a prime number?
False
Is 85635479 a composite number?
False
Is 14624187821 composite?
False
Is 946219733 a prime number?
False
Is 10127169649 composite?
False
Is 9031373473 a prime number?
False
Is 6048045023 prime?
False
Is 71790212699 prime?
True
Is 4905926479 composite?
False
Is 42349421173 composite?
False
Is 20900170637 composite?
False
Is 7388191073 composite?
False
Is 23242607627 composite?
True
Is 10564767449 a prime number?
False
Is 125715992947 a composite number?
False
Is 607031231 composite?
False
Is 4451957767 a composite number?
True
Is 494138033 composite?
False
Is 26462371007 prime?
False
Is 4921607923 prime?
False
Is 38394635 a prime number?
False
Is 484780181 a composite number?
True
Is 8555888337 prime?
False
Is 7755478949 prime?
True
Is 6947098979 prime?
True
Is 455056681 composite?
False
Is 375193121 composite?
False
Is 40134590803 prime?
False
Is 57441203 a prime number?
True
Is 3415272799 a composite number?
True
Is 687330359 prime?
True
Is 206799973 a prime number?
True
Is 9447672911 a prime number?
False
Is 4675685419 a prime number?
False
Is 5465628743 composite?
False
Is 62345185301 composite?
True
Is 33346782607 composite?
True
Is 135485423 prime?
False
Is 37456915097 composite?
True
Is 11660756953 prime?
True
Is 11262063961 prime?
False
Is 14682553 composite?
False
Is 11348593759 composite?
False
Is 30073045523 a prime number?
False
Is 177803149 a composite number?
True
Is 220560817 prime?
True
Is 690697787 composite?
True
Is 92232237581 composite?
True
Is 68939864951 prime?
False
Is 10491894169 a composite number?
True
Is 74912417 a composite number?
False
Is 82850397101 a prime number?
False
Is 259067608427 a prime number?
True
Is 578183677 prime?
False
Is 24441472457 composite?
True
Is 10942832353 a prime number?
False
Is 6998569 prime?
False
Is 20111837597 a composite number?
True
Is 2424170834 composite?
True
Is 23347757 a prime number?
True
Is 453689827 composite?
False
Is 244357021 a prime number?
True
Is 278223137 a composite number?
True
Is 910752411 a prime number?
False
Is 13593974 prime?
False
Is 596708407 a composite number?
False
Is 52862814271 a prime number?
True
Is 95401571 composite?
True
Is 978186763 a prime number?
True
Is 57985619 a composite number?
True
Is 711839729 composite?
False
Is 9252865731 prime?
False
Is 1191322733 a prime number?
True
Is 11206702519 composite?
True
Is 153419433421 prime?
True
Is 19818896809 composite?
False
Is 4554344339 a prime number?
True
Is 266275481 composite?
True
Is 284706193 a prime number?
True
Is 4540742651 prime?
True
Is 19302444835 composite?
True
Is 23768396297 composite?
False
Is 3923675017 a prime number?
True
Is 1588011923 a prime number?
True
Is 55440708581 composite?
True
Is 11031542413 prime?
True
Is 6196300217 a composite number?
True
Is 30220633211 prime?
True
Is 1610296241 prime?
False
I